*2 - 2*u**2. What is g(-3)?
12
Suppose 37 = -3*l + 5*r, -l + 3*l - 5*r = -33. Let v(s) = s**2 - 6*s - 66. Let b be v(12). Let n(x) = 0 + b + 3 - 4 + x**2 + 6*x. What is n(l)?
-3
Let m be 4*((-3)/(-6))/(6/9). Let z(b) be the first derivative of -1/3*b**m + 2*b - 6 - b**2. What is z(-5)?
-13
Let t(s) be the third derivative of -s**6/120 + s**5/120 + s**4/24 - 17*s**3/3 + 33*s**2. Let p(f) be the first derivative of t(f). Calculate p(2).
-9
Suppose 12*d - 11*d - 4 = -u, 4*d = -u + 22. Let w(o) = 4*o - 3 - o - 2*o + 0*o. Calculate w(d).
3
Let j be ((-7425)/(-550))/((-3)/2). Let v(u) = -6*u - 7. Let k(o) = o. Let x(z) = 5*k(z) + v(z). What is x(j)?
2
Let i(u) = u + 3. Let o = 7 + 6. Let c = o - 9. Suppose -37 = c*l + 3*s - 9, 0 = s + 4. What is i(l)?
-1
Let q be 1 + -1 - (-2)/(-2). Let b = q + 4. Let z(j) = 3*j**2 - j**3 + j**2 + b*j + 2 - j**2. Calculate z(4).
-2
Let u(j) = -13*j**2 - 8*j + 7. Let w(k) = 7*k**2 + 5*k - 4. Let r(p) = 6*u(p) + 11*w(p). Suppose -x + 4 = -4. Calculate r(x).
-10
Suppose 0 = -2*k + 17*l - 13*l - 6, -3 = -k + 4*l. Let y(o) = -o**2 - 9*o - 12. Calculate y(k).
-12
Let h(a) = -14*a + 25. Let x be h(6). Let p = -59 - x. Let s(m) = -m**2 + m + 20. Give s(p).
20
Suppose -23 = 2*l - 27. Let o(c) = -10*c. Determine o(l).
-20
Let a(p) be the second derivative of -p**5/60 - p**4/24 + p**3/3 - 2*p. Let i(n) be the second derivative of a(n). Suppose 18 = -5*r - r. Determine i(r).
5
Let y(g) = 6*g + 42. Let v be y(-8). Let s(n) = -2*n - 4 + 2*n - 2*n. Give s(v).
8
Let f(j) = -j**3 + 6*j**2 - 4*j + 5. Let c = -15 + 33. Let y(z) = 4*z**3 + 2*z**2 - 5*z + 3. Let b be y(1). Suppose -b*s = -s - c. Calculate f(s).
-19
Let s(r) = r**2 + 20*r + 24. Let u be s(-19). Let n(o) = 5*o + 0*o + 2*o**3 + o - u*o - 2*o**2. Suppose -3*d + k = 2, d + 5*k - 15 = 11. Give n(d).
1
Let f(x) = -4 + 4*x + 0*x - x. Let z be -12 - -4 - (-110)/10. Calculate f(z).
5
Let j(o) be the third derivative of o**5/60 - o**4/3 - o**3/2 + 5*o**2. Suppose 5*n - 14 - 25 = -4*p, 0 = 3*n + p - 22. Calculate j(n).
-10
Let r(n) be the third derivative of 1/24*n**4 + 1/6*n**3 - 1/12*n**5 - n**2 + 0 + 1/120*n**6 + 0*n. Let g be (-2)/((30/225)/((-1)/3)). Calculate r(g).
6
Let x be (-2 - -17)/(-5) - -2. Suppose 0*i + 3*i = 3*s, 4*i - 15 = s. Let p(d) = 15 + 2*d**2 - 3*d**2 + s*d**3 - 14. Calculate p(x).
-5
Suppose 10 = -2*l - 4. Let v(m) = -2*m**2 + 12*m - 10. Let g(i) = i**2 - 2*i. Let y(h) = -3*g(h) - v(h). What is y(l)?
3
Let h(o) be the third derivative of -o**5/60 - 5*o**4/24 - o**3/3 + o**2. Let q be 6 + 3 + -14 - (-2)/1. Calculate h(q).
4
Let h(d) be the second derivative of d**3/6 + d**2/2 + 38*d. Suppose 0 = -3*q - 3*u - 6, -7*q + u = -6*q + 10. Determine h(q).
-5
Suppose 2*g - 12 = -g. Suppose g*t + 7*t + 77 = 0. Let p(d) = -d**2 - 5*d + 2. What is p(t)?
-12
Let v = -605 - -602. Let a(t) = t + 1. Give a(v).
-2
Suppose 0 = 2*f + 3*f + 5. Let y(h) = -h**2 + 1. Let s(r) = -3*r**3 + 2*r**2 - 2*r - 1. Let p(m) = f*s(m) - 2*y(m). Let x = 151 - 150. What is p(x)?
4
Suppose 0 = 4*v + p + p + 14, -5*p + 15 = 0. Let r(d) = -d**3 - 4*d**2 - 4*d - 1. What is r(v)?
44
Let x(t) = -5*t**3 + 2*t**2 - t. Suppose 0 = -i - 3*z + 7 + 2, 0 = -4*i - 5*z + 22. Suppose 6 = 3*m + 2*n, 2*m = m + i*n - 9. Let a be (3 - m)*7/21. Give x(a).
-4
Suppose -22*n + 19 + 3 = 0. Let a(j) = -9*j**2 + 3*j - 3. Let g(h) = 10*h**2 - 4*h + 4. Let z(l) = -4*a(l) - 3*g(l). Calculate z(n).
6
Let o(k) = -17 - 10*k**2 - 16*k + 5 + 4 + 2. Let w(i) = 2*i**2 + 3*i + 1. Let v(a) = 2*o(a) + 11*w(a). Calculate v(1).
2
Let j(l) be the first derivative of l**3/3 + 11*l**2/2 + 6*l + 118. Calculate j(-12).
18
Let k(c) = c**3 + 4*c**2 - 8*c - 4. Suppose -2*i + 9 = 5. Let p(d) = -d**2 + 3*d - 7. Let r be p(i). Calculate k(r).
11
Let o(v) = 0 + 30*v**2 + 4*v - 70*v**2 - 2 + 39*v**2. Let i be o(2). Let n(y) = -2*y - 2. Give n(i).
-6
Let y(o) = 2*o**3 + 4*o - o**3 - 2*o**3 + o**2 - 4. Suppose -3*i = m + 8, 3*m - 8 = 4. Let s be -4 - 6/(-2) - i. Give y(s).
-10
Let l = -8 - -18. Let j(b) = b**3 - 10*b**2 - b + 4. Let q be j(l). Let w(a) = -a**3 - 6*a**2 + 4*a + 6. Calculate w(q).
-18
Let c(n) = 4*n - 15. Let d(v) = -10*v - 52. Let f be d(-6). Give c(f).
17
Let v(u) be the third derivative of u**5/30 - u**3/3 + 2*u**2. Suppose -10*z = 9 + 11. Determine v(z).
6
Let v = -1213 + 1216. Let l(h) be the first derivative of 1/4*h**4 + 7/3*h**v + 6 - 1/2*h**2 - h. What is l(-7)?
6
Let z(r) be the first derivative of -3*r + 0*r**2 + 5 + 1/6*r**3. Let u(n) be the first derivative of z(n). Determine u(-2).
-2
Let s(d) be the first derivative of -2*d**3/3 + d**2 + d + 6. Let k = 16 + -16. Suppose k = -c - 3*c - 4. Give s(c).
-3
Suppose -2*z + 12 = -z. Let v = -11 + z. Let h(c) = -12*c**3 + c**2 - 2*c + 1. What is h(v)?
-12
Let d = -1 - -4. Let n(z) = -11*z + z**d + 3*z**2 - 2*z**3 + 28*z - 10*z - 6. Suppose 2*l - 10 = -2. Calculate n(l).
6
Let h(o) = o + 2. Let f(u) be the second derivative of u**3/2 + 3*u**2 + u. Suppose 8*b = 7*b + 11. Let q(k) = b*h(k) - 4*f(k). What is q(-5)?
3
Let b(v) = -v**3 - v**2 + 2*v + 2. Let n(l) = 4*l + 162. Let h be n(-40). Give b(h).
-6
Let u = -2/107 - -131/1284. Let p(r) be the third derivative of -6*r**2 + 1/12*r**4 + 1/120*r**6 + 0 + u*r**5 + 0*r + r**3. What is p(-5)?
-4
Let s(r) = -r**3 + 7*r**2 - 4*r + 5. Let k(h) = -h**2 + 2*h + 1. Let j(f) = 2*k(f) + s(f). What is j(6)?
-29
Let o(i) = -i - 8. Let s be 1 - -1 - (-2 - (-36 + 2)). Let c be 258/s + (-9)/(-15). What is o(c)?
0
Let d(a) = 2*a + 3 - a**3 + 0*a**3 - 5*a + 2*a**2. Let m be ((-2)/(-3))/(41/123). Give d(m).
-3
Let c be (-1 - -1)/(-1) - 0. Let t(x) = -x - 5067 - x**2 + 10131 - 5070. Determine t(c).
-6
Let x = -126 + 137. Let z(t) = 5 + 2*t - 3 - 16 + x. What is z(-3)?
-9
Let q(r) = 2*r**2 + 4*r. Let w be q(-2). Let p(h) = 12*h**2 - 19*h**2 + 6*h**2 - h + 8. Give p(w).
8
Suppose -7*t + 81 = -16*t. Let k(v) = v**3 + 9*v**2 - 2*v - 19. Calculate k(t).
-1
Let w(f) = 13*f + 5. Let k(h) be the second derivative of h**2/2 - h. Let u(y) = -4*k(y) + w(y). Suppose -40*l + 1702 = 1662. What is u(l)?
14
Let f(i) = -5*i**2 - 3*i - 21. Let b(k) = -7*k**2 - k - 22. Let u(c) = 2*b(c) - 3*f(c). Determine u(-3).
7
Let f(x) = 3*x**2 + 1. Let i(v) = -2 + v - 4 - 1. Let z be i(5). Let p be (-1)/(-2)*-2 - z. What is f(p)?
4
Suppose 14*a + 15 - 113 = 0. Let u(n) = -5*n - 2 - 6 - 2 + n**3 - 6*n**2. Determine u(a).
4
Let s(z) = -z**3 - 10*z**2 - 2*z - 7. Let t be s(-10). Suppose 3*m + 1 = 4*w + t, 12 = 3*m - 5*w. Let d be m + (1 - 1) - -2. Let c(y) = -y + 11. Determine c(d).
5
Let y be 4/6 - 69/9. Let x(o) be the second derivative of o**4/24 + 5*o**3/3 + 2*o**2 - 4*o. Let j(p) be the first derivative of x(p). Calculate j(y).
3
Let b(i) be the second derivative of -23*i**5/10 - i**2/2 - 267*i. Give b(-1).
45
Let a = 45 - 43. Let i(g) = -370*g**a - 3*g**3 + 370*g**2 + 1 - g. Determine i(1).
-3
Let f(z) be the second derivative of z**4/12 + 8*z**3/3 + 8*z**2 - 308*z. Give f(-13).
-23
Suppose -2*p - 5*i + 22 = 0, -5*p - 3*i + 4*i + 28 = 0. Let r(o) = 3*o - 12*o - 5 + 11*o. Determine r(p).
7
Suppose 0 = -0*p - p + 5*z + 13, -4*p = z + 32. Let t(x) = 21 + 16 + 15 - 4*x + 17 - 77. Give t(p).
20
Let b(n) be the second derivative of -1/20*n**5 + 0*n**2 + n**3 + n + 1/360*n**6 + 0 - 5/12*n**4. Let g(f) be the second derivative of b(f). What is g(7)?
-3
Let q be (-24)/(-16)*(1 + (1 - -2)). Let d(p) = p**2 - 2*p - q*p + 7*p. Suppose -3*t + 8 = -4*n, 0 = -2*n - 2*t + 10. Calculate d(n).
0
Suppose -59 = -5*j - 64. Let h be (1/(-2))/(4/(j*40)). Let v(f) = -f + 12. Give v(h).
7
Let h(c) = -3*c**3 + 17*c**2 - 17*c + 16. Let l(g) = g**3 - g**2 + g + 1. Let b(m) = -h(m) - 2*l(m). Determine b(14).
-4
Let w(z) = z**3 - 10*z**2 + 9*z - 12. Suppose -2*d = -4, -5*a = -3*d - 32 - 7. What is w(a)?
-12
Let o = 12 - 7. Let k(p) = p**2 + 4 + 2*p + 7*p + 6*p - 29*p + 7*p. What is k(o)?
-6
Let l(k) = -4*k**2 + 2*k - 1. Let w(p) = -11*p**2 + 7*p - 4. Let u(m) = -8*l(m) + 3*w(m). Let d be 8/6 - ((-40)/(-12))/(-2). Determine u(d).
2
Suppose -174*v - 40 = -179*v. Suppose v = p - 2*p. Let j(k) = k**3 + 9*k**2 + 6*k - 2. Determine j(p).
14
Let p(y) = -4*y - 1 + 2*y**2 + 6*y - y**3 + 1. Give p(3).
-3
Let t(u) = -16*u**3 - 1. Let h = 448 - 449. Give t(h).
15
Let n(j) = -j**2 - 30*j - 105. Let x be n(-26). Let 